3*l. What is the thousands digit of j?
5
Let f(i) = -31*i - 110. Suppose -5*d - 73 = 17. What is the tens digit of f(d)?
4
Suppose 7 = -3*m - 0*m + r, 3*m = -3*r - 27. Let a be -4 + m/(-8)*-6. Let n = a - -35. What is the tens digit of n?
2
What is the thousands digit of (-2 + 7)*((-61086)/(-30) - 14)?
0
Let x(r) = 251*r**2 + 9*r + 8. Let i(t) be the second derivative of t**4/12 - 7*t**3/6 + 9*t**2/2 - 9*t. Let a be i(5). What is the hundreds digit of x(a)?
2
Suppose -54789 + 13094 - 140132 = -9*d. What is the thousands digit of d?
0
Suppose 5*t = -0*t - 4*h + 21013, 8395 = 2*t + 5*h. What is the hundreds digit of t?
2
Let o = -39 - -89. Suppose -3*j - 4*t = -o, -3*j + 5*t + 4 = -2*j. What is the units digit of j?
4
Let c = -33 - -20. Let a(l) = l**2 + 14*l + 3. Let y be a(c). Let d = 12 + y. What is the units digit of d?
2
What is the tens digit of 8401 + -23 + -23 + 1*2?
5
Suppose 201 - 105 = -6*l. Let c(o) = -2*o + 42. What is the tens digit of c(l)?
7
Suppose 96 = 4*h - 2*k, -35 - 57 = -4*h + k. Let w be 2 - ((-27)/3 + -1). Let s = h + w. What is the units digit of s?
4
Let g = -73 + 74. Let p be (-5)/g - (132 + -2). Let l = -93 - p. What is the units digit of l?
2
Let c = -610 - -635. Suppose 3*h + c*b = 24*b + 54, -3*h = 5*b - 54. What is the units digit of h?
8
Let h = 615 - 1886. Let u = h - -2148. What is the tens digit of u?
7
Let k = -66 - -139. Let x = k + -3. What is the units digit of x?
0
Suppose 2*o - 2*t - 348 = -t, 5*t = -4*o + 724. What is the tens digit of 20/(-8)*(-1)/(10/o)?
4
Let u(x) = x**3 + 9*x**2 - 5*x + 10. Let z = -36 - -53. Suppose -8 + z = -c. What is the tens digit of u(c)?
5
Suppose 10*u - 3293 + 683 = 0. What is the tens digit of ((-16)/(48/u))/(3/(-14))?
0
Suppose 100 = -15*w + 19*w - 4*p, -p + 62 = 2*w. Suppose 35*z - 5196 = w*z. What is the tens digit of z?
6
Suppose -121*i - 1248954 + 3414924 = -36*i. What is the hundreds digit of i?
4
Suppose 3*d = z - 216 - 75, -4*d - 399 = -5*z. Suppose 14*l + k + 82 = 12*l, -3*k + 164 = -4*l. Let w = l - d. What is the tens digit of w?
5
Let j = -69 + 63. Let m be (-464)/(-12)*j/4. Let q = m + 133. What is the units digit of q?
5
Let c(n) = 1555*n**2 + 70*n + 141. What is the thousands digit of c(-2)?
6
Let m = -3589 - -6499. What is the tens digit of m?
1
Suppose 0 = -5*g - 6*u + u - 155, 4*g = 4*u - 164. What is the tens digit of (-8)/6*(1 - (-1305)/g)?
4
Suppose 506*q = 508*q + 4*l - 83102, q - 2*l = 41575. What is the thousands digit of q?
1
What is the tens digit of (8522 - -8) + 7/14*-18?
2
Let y(r) = -1991*r - 1635. What is the thousands digit of y(-3)?
4
Suppose 0 = -4*u - 2*t - 1 + 25, 0 = -4*u + 4*t + 12. Suppose 0 = -w - u*p + 1434, w - 2*p + 1440 = 2*w. What is the tens digit of w?
4
Let v(i) = 2*i**3 - 8*i**2 - 17*i - 13. Let s be v(-6). Let t = 820 + s. What is the tens digit of t?
8
Suppose 5*x = -3*o + 12943, -26*o = x - 30*o - 2607. What is the hundreds digit of x?
5
Let s(b) = -5*b - 30. Let w be s(-6). Suppose w = -o + 3*m + 1374 - 164, -o = m - 1206. What is the hundreds digit of o?
2
Let p be (-126)/(-54) + 2/(-6). Let g(b) = b**2 + 7*b - 3. Let o be g(-6). What is the hundreds digit of o/p*(-1 - 23)?
1
Suppose 6*u - 4*u - 16 = -4*t, 4*t - 4 = -5*u. Suppose 276 + 1272 = t*q. What is the hundreds digit of q?
2
Suppose 8*m = 7*m + 5. Suppose -5*h - 1197 = -m*v + 1248, 2*v + 5*h - 1006 = 0. What is the tens digit of v?
9
Suppose -16 = 13*p - 81. Let w be 11/4 - 2/(-8). Suppose -p*x + 311 = -3*x + w*h, -5*x + 2*h + 787 = 0. What is the tens digit of x?
5
Let w(v) = v**3 - 15*v**2 + 12*v + 30. Let m be w(14). Suppose m + 7 = 3*u. Let f(q) = 2*q + 11. What is the units digit of f(u)?
7
Let n(c) = -4*c - 16. Let m be n(-13). Let x be (11 - 16)*(-1)/(5/m). Let k = 4 + x. What is the tens digit of k?
4
Let r be 2 - (3 + -47 + 5). Let w(v) = -76 + 23*v - r*v + 12*v. What is the units digit of w(-15)?
4
Let s(f) = f**2 + 3*f + 7. Let g be 3/(-6)*(-7 + -5). What is the tens digit of s(g)?
6
Suppose 207*g - 209*g + 22 = 0. Suppose 0 = u + 2*l - 424, -15*u + 1687 = -g*u + 5*l. What is the hundreds digit of u?
4
Suppose 2*i = -0*i - 4*n - 6, 5*n = -20. Suppose -28 = 4*m - 5*a + 17, -2*m - a - i = 0. What is the units digit of (-6)/(-75)*m*(-20)/2?
4
Let h = 2 - 8. What is the hundreds digit of (-84)/(-56)*(-584)/h?
1
Let u be -4 + ((-2)/6)/((-11)/231). Suppose 3*d + u*a = 1041, 5*d - 206 - 1517 = a. What is the tens digit of d?
4
Let h be (-1)/(-1) - (-4 - 1). Suppose 1300 = -h*q + 10*q. What is the hundreds digit of q?
3
Let x(a) = a - 63. Let w(f) = -f + 125. Let b(g) = -3*w(g) - 7*x(g). What is the tens digit of b(-23)?
5
What is the hundreds digit of -468*-129*36/243*6?
6
Let a = -5326 + 9128. What is the thousands digit of a?
3
Let a(q) = -24*q**2 - 4*q + 3. Let x be a(1). Let k = 15 - x. What is the units digit of k/(-12)*(-396)/15?
8
Suppose -778*n + 823*n = 2793645. What is the ten thousands digit of n?
6
Let f = 449 + -266. Suppose -2*j + j = -57. Suppose -f = -5*w + j. What is the tens digit of w?
4
Suppose -923872 = -45*j - 30*j + 609803. What is the tens digit of j?
4
Let s(y) = -34*y**3 + 12*y**2 + 18*y + 55. What is the ten thousands digit of s(-9)?
2
Suppose -18*p = -36*p - 136242. What is the tens digit of p/(-15) + (-16)/10?
0
Let r(a) = a**3 - 8*a**2 - 10*a + 8. Let k be r(9). What is the units digit of 4404*20/12*k/(-5)?
8
Suppose -2*j + 0*j + 110601 = 3*m, -j = m - 36868. What is the hundreds digit of m?
8
What is the hundreds digit of 356191/9 - ((-1628)/198)/37?
5
Let y(u) be the second derivative of -u**5/5 - 5*u**4/6 - 4*u**3/3 + 19*u**2 - 69*u. What is the units digit of y(-7)?
6
Let j = -18261 - -34754. What is the thousands digit of j?
6
Suppose -12*t = -t - 1067. Let z = -94 + t. Suppose 0 = -2*i + 4*v + 532, -179 = -z*i + 2*v + 627. What is the units digit of i?
0
Suppose -b + 380 + 102 = 0. Suppose -10 = -2*g, -6*g + 5*g = -j + b. What is the units digit of j?
7
Let q = -250 + 63. Let z = q + 1031. What is the tens digit of z?
4
Suppose j - 33498 + 107098 = 4*l, 3*l - 5*j = 55166. What is the tens digit of l?
0
Suppose 5*f - 4 = 4*n, f + 11 = -5*n + 35. What is the units digit of (12/n)/15 - (-4092)/15?
3
Let h(x) = 22*x**2 + 3*x. Suppose 1216 = -9*q + 505. Let z = 82 + q. What is the hundreds digit of h(z)?
2
Let r = 5244 + 14930. What is the units digit of r?
4
Let k be 202/6*(-3 - -45) + 0. Suppose 0 = -5*w - k + 3824. Suppose -4*l + 3*g + w = 0, -g = -l - 2*l + 359. What is the tens digit of l?
1
Let c be ((-8)/10)/((-16)/400). Let z = c - 1. What is the units digit of (-34 + z)/(3/(-8))?
0
Let p be (24/(-32))/(3/(-1236)). Let w = 343 + p. What is the units digit of w?
2
Suppose 0 = 2*w + 4*l + 136, -3*w + 8*w = 2*l - 388. Suppose 5*q - 20 = 0, -8*q + 12 = 4*d - 10*q. What is the tens digit of (w/(-10) + -1)*d?
3
Suppose -2*a - 5*s = 1460, -s - 151 = 4*a + 2805. Let q be a/(-16) + 1/(-4). Suppose -4*d = -q - 430. What is the units digit of d?
9
Let o be (-3 + 2 - 2)*1/3. Let s(l) = -5*l**3 - 2*l - 3. Let t be s(o). Suppose 5*y - 51 = -4*b, -y = 5*b + t*y - 65. What is the units digit of b?
4
Suppose 415 = -2*o - 3*n, 86*o - n + 225 = 85*o. Let u(y) = 45*y - 1. Let m be u(-1). Let x = m - o. What is the hundreds digit of x?
1
Let i = 8889 - -24328. What is the tens digit of i?
1
Let x be 19 + -16 + (-1)/(-1). Suppose x*r = r + 6. Suppose 9 = o + r. What is the units digit of o?
7
Let k(d) = d**2 - 16*d + 58. Let o be k(9). Let x = 240 - o. What is the tens digit of x?
4
Let w be (132/(-8))/11 + 45/10. Let v(q) = 68*q + 2. Let z(b) = 68*b + 2. Let d(x) = -5*v(x) + 6*z(x). What is the tens digit of d(w)?
0
Let y(s) = -3*s - 14. Let i be y(-8). Let m be ((-6)/10)/((-2)/i) + 20. Let p = m + 26. What is the units digit of p?
9
Let l = 249 + -152. Let x = 34 - l. Let i = x + 231. What is the hundreds digit of i?
1
Let r(l) be the second derivative of l**5/20 + l**4/12 + l**3/3 + 66*l**2 - 14*l. Let c(k) = -k**2 + 3*k - 2. Let i be c(2). What is the units digit of r(i)?
2
Suppose -13478 = -5*m + 2*h, m - 2*h = -h + 2695. What is the hundreds digit of m?
6
Let x(b) = b**3 + b + 1. Let r(s) = -4*s**3 + 16*s**2 + 8*s - 30. Let k(l) = -r(l) - 3*x(l). Let f = -1429 + 1446. What is the hundreds digit of k(f)?
1
Let i be (-2)/8 + (-7)/(-28